{"id":48,"date":"2023-09-27T07:48:59","date_gmt":"2023-09-27T07:48:59","guid":{"rendered":"https:\/\/www.zuzanavisz.com\/?page_id=48"},"modified":"2023-10-03T15:00:47","modified_gmt":"2023-10-03T15:00:47","slug":"punc","status":"publish","type":"page","link":"https:\/\/www.zuzanavisz.com\/?page_id=48","title":{"rendered":"Punc"},"content":{"rendered":"\n<div class=\"wp-block-columns pt-2 is-layout-flex wp-container-core-columns-is-layout-9d6595d7 wp-block-columns-is-layout-flex\">\n<div class=\"wp-block-column is-layout-flow wp-block-column-is-layout-flow\">\n<figure class=\"wp-block-gallery has-nested-images columns-default is-cropped wp-block-gallery-1 is-layout-flex wp-block-gallery-is-layout-flex\">\n<figure class=\"wp-block-image size-large\"><img loading=\"lazy\" decoding=\"async\" width=\"1024\" height=\"601\" data-id=\"161\" src=\"https:\/\/www.zuzanavisz.com\/wp-content\/uploads\/2023\/09\/MG_9202-1-1024x601.jpg\" alt=\"\" class=\"wp-image-161\" srcset=\"https:\/\/www.zuzanavisz.com\/wp-content\/uploads\/2023\/09\/MG_9202-1-1024x601.jpg 1024w, https:\/\/www.zuzanavisz.com\/wp-content\/uploads\/2023\/09\/MG_9202-1-300x176.jpg 300w, https:\/\/www.zuzanavisz.com\/wp-content\/uploads\/2023\/09\/MG_9202-1-768x451.jpg 768w, https:\/\/www.zuzanavisz.com\/wp-content\/uploads\/2023\/09\/MG_9202-1-1536x902.jpg 1536w, https:\/\/www.zuzanavisz.com\/wp-content\/uploads\/2023\/09\/MG_9202-1-2048x1202.jpg 2048w, https:\/\/www.zuzanavisz.com\/wp-content\/uploads\/2023\/09\/MG_9202-1-2000x1174.jpg 2000w\" sizes=\"auto, (max-width: 1024px) 100vw, 1024px\" \/><\/figure>\n<\/figure>\n<\/div>\n<\/div>\n\n\n\n<div class=\"wp-block-columns is-layout-flex wp-container-core-columns-is-layout-9d6595d7 wp-block-columns-is-layout-flex\">\n<div class=\"wp-block-column is-layout-flow wp-block-column-is-layout-flow\">\n<figure class=\"wp-block-gallery has-nested-images columns-default is-cropped wp-block-gallery-2 is-layout-flex wp-block-gallery-is-layout-flex\">\n<figure class=\"wp-block-image size-large\"><img loading=\"lazy\" decoding=\"async\" width=\"1024\" height=\"1024\" data-id=\"159\" src=\"https:\/\/www.zuzanavisz.com\/wp-content\/uploads\/2023\/09\/MG_9204-1-1024x1024.jpg\" alt=\"\" class=\"wp-image-159\" srcset=\"https:\/\/www.zuzanavisz.com\/wp-content\/uploads\/2023\/09\/MG_9204-1-1024x1024.jpg 1024w, https:\/\/www.zuzanavisz.com\/wp-content\/uploads\/2023\/09\/MG_9204-1-300x300.jpg 300w, https:\/\/www.zuzanavisz.com\/wp-content\/uploads\/2023\/09\/MG_9204-1-150x150.jpg 150w, https:\/\/www.zuzanavisz.com\/wp-content\/uploads\/2023\/09\/MG_9204-1-768x768.jpg 768w, https:\/\/www.zuzanavisz.com\/wp-content\/uploads\/2023\/09\/MG_9204-1-1536x1536.jpg 1536w, https:\/\/www.zuzanavisz.com\/wp-content\/uploads\/2023\/09\/MG_9204-1-2048x2048.jpg 2048w, https:\/\/www.zuzanavisz.com\/wp-content\/uploads\/2023\/09\/MG_9204-1-2000x1999.jpg 2000w\" sizes=\"auto, (max-width: 1024px) 100vw, 1024px\" \/><\/figure>\n<\/figure>\n<\/div>\n\n\n\n<div class=\"wp-block-column is-layout-flow wp-block-column-is-layout-flow\">\n<figure class=\"wp-block-gallery has-nested-images columns-default is-cropped wp-block-gallery-3 is-layout-flex wp-block-gallery-is-layout-flex\">\n<figure class=\"wp-block-image size-large\"><img loading=\"lazy\" decoding=\"async\" width=\"1024\" height=\"1024\" data-id=\"160\" src=\"https:\/\/www.zuzanavisz.com\/wp-content\/uploads\/2023\/09\/MG_9206-1-1024x1024.jpg\" alt=\"\" class=\"wp-image-160\" srcset=\"https:\/\/www.zuzanavisz.com\/wp-content\/uploads\/2023\/09\/MG_9206-1-1024x1024.jpg 1024w, https:\/\/www.zuzanavisz.com\/wp-content\/uploads\/2023\/09\/MG_9206-1-300x300.jpg 300w, https:\/\/www.zuzanavisz.com\/wp-content\/uploads\/2023\/09\/MG_9206-1-150x150.jpg 150w, https:\/\/www.zuzanavisz.com\/wp-content\/uploads\/2023\/09\/MG_9206-1-768x768.jpg 768w, https:\/\/www.zuzanavisz.com\/wp-content\/uploads\/2023\/09\/MG_9206-1-1536x1536.jpg 1536w, https:\/\/www.zuzanavisz.com\/wp-content\/uploads\/2023\/09\/MG_9206-1-2048x2048.jpg 2048w, https:\/\/www.zuzanavisz.com\/wp-content\/uploads\/2023\/09\/MG_9206-1-2000x2000.jpg 2000w\" sizes=\"auto, (max-width: 1024px) 100vw, 1024px\" \/><\/figure>\n<\/figure>\n<\/div>\n<\/div>\n\n\n\n<p><strong>Punc:&nbsp;<\/strong><\/p>\n\n\n\n<p>Kolekce V\u00e1z Punc jsou dekorov\u00e1ny hrub\u00fdm z\u00e1sahem r\u016fzn\u00fdmi druhy konektor\u016f.<br>Po vzoru japonsk\u00fdch mistr\u016f jsem obtisk\u00e1vala do t\u011bla v\u00e1zy tato \u201craz\u00edtka\u201c jako autentick\u00fd podpis. Sna\u017eila jsem se propojit tradi\u010dn\u00ed hrn\u010d\u00ed\u0159sk\u00e9 \u0159emeslo kontrastn\u011b s n\u011b\u010d\u00edm, co s keramikou nesouvis\u00ed.&nbsp;<\/p>\n\n\n\n<p><strong>Punc:<\/strong><\/p>\n\n\n\n<p>The Punc collection is a series of vases that are decorated with a rough intervention of different types of connectors. Following the example of the Japanese masters, I stamped these &#8221; hallmarks&#8221; into the body of each vase as a signature and sing of authenticity. I tried to combine traditional pottery craft in a contrasting way; in a way that seems unrelated to ceramics.<\/p>\n","protected":false},"excerpt":{"rendered":"<p>Punc:&nbsp; Kolekce V\u00e1z Punc jsou dekorov\u00e1ny hrub\u00fdm z\u00e1sahem r\u016fzn\u00fdmi druhy konektor\u016f.Po vzoru japonsk\u00fdch mistr\u016f jsem obtisk\u00e1vala do t\u011bla v\u00e1zy tato \u201craz\u00edtka\u201c jako autentick\u00fd podpis. Sna\u017eila jsem se propojit tradi\u010dn\u00ed hrn\u010d\u00ed\u0159sk\u00e9 \u0159emeslo kontrastn\u011b s n\u011b\u010d\u00edm, co s keramikou nesouvis\u00ed.&nbsp; Punc: The Punc collection is a series of vases that are decorated with a rough intervention of &hellip; <\/p>\n<p class=\"link-more\"><a href=\"https:\/\/www.zuzanavisz.com\/?page_id=48\" class=\"more-link\">Read more<span class=\"screen-reader-text\"> &#8220;Punc&#8221;<\/span><\/a><\/p>\n","protected":false},"author":1,"featured_media":0,"parent":0,"menu_order":0,"comment_status":"closed","ping_status":"closed","template":"page-templates\/no-title.php","meta":{"footnotes":""},"class_list":["post-48","page","type-page","status-publish","hentry"],"_links":{"self":[{"href":"https:\/\/www.zuzanavisz.com\/index.php?rest_route=\/wp\/v2\/pages\/48","targetHints":{"allow":["GET"]}}],"collection":[{"href":"https:\/\/www.zuzanavisz.com\/index.php?rest_route=\/wp\/v2\/pages"}],"about":[{"href":"https:\/\/www.zuzanavisz.com\/index.php?rest_route=\/wp\/v2\/types\/page"}],"author":[{"embeddable":true,"href":"https:\/\/www.zuzanavisz.com\/index.php?rest_route=\/wp\/v2\/users\/1"}],"replies":[{"embeddable":true,"href":"https:\/\/www.zuzanavisz.com\/index.php?rest_route=%2Fwp%2Fv2%2Fcomments&post=48"}],"version-history":[{"count":11,"href":"https:\/\/www.zuzanavisz.com\/index.php?rest_route=\/wp\/v2\/pages\/48\/revisions"}],"predecessor-version":[{"id":249,"href":"https:\/\/www.zuzanavisz.com\/index.php?rest_route=\/wp\/v2\/pages\/48\/revisions\/249"}],"wp:attachment":[{"href":"https:\/\/www.zuzanavisz.com\/index.php?rest_route=%2Fwp%2Fv2%2Fmedia&parent=48"}],"curies":[{"name":"wp","href":"https:\/\/api.w.org\/{rel}","templated":true}]}}